2885 = -5*f. What is the highest common divisor of 256 and f?
64
Suppose -2*l + 3*t - 2610 = -8596, 4*t - 14942 = -5*l. What is the highest common factor of l and 1300?
130
Suppose 0 = 11*d - 7*d - 25132. Calculate the greatest common factor of d and 103.
103
Suppose -14*b = 38*b + 44*b - 2304. What is the greatest common factor of 762 and b?
6
Let f be (-4650)/12*12/15. Let j = 312 + f. Calculate the greatest common factor of 50 and j.
2
Suppose -21 = -5*h + 54. Let d be 15 + 0 - 3/(h/(-20)). Let r = d + -9. Calculate the highest common divisor of 10 and r.
10
Suppose -32 = 4*h - 6*h. Suppose -3*g - g - h = 0, -g - 43 = -z. Let n be (-6)/z - (-184)/13. Calculate the highest common factor of 126 and n.
14
Suppose -20*c + 61 = -519. Suppose 0 = -c*x + 840 + 842. What is the greatest common factor of 145 and x?
29
Let j = 11424 - 10724. Calculate the greatest common factor of 112 and j.
28
Suppose -5*c - 3*k = 58 - 267, 4*k + 223 = 5*c. Suppose c*x - 7061 = 679. What is the greatest common factor of 45 and x?
45
Let y(q) be the first derivative of 2*q**3/3 - 17*q**2/2 - 13*q - 1. Let d be y(10). Calculate the greatest common factor of d and 51.
17
Suppose 28*o = -2*o + 8220. Calculate the highest common divisor of 4 and o.
2
Let s = 5833 - -1321. What is the highest common divisor of 21 and s?
7
Suppose -2*r - 15405 = 7*r - 72141. What is the highest common factor of r and 96?
32
Suppose 41*r + 37*r = 64*r + 11200. What is the greatest common factor of 128 and r?
32
Let p = -527 - -537. Let x be (-11568)/(-13) - 10/(-65). Calculate the highest common divisor of x and p.
10
Let w be 3*(154630/21)/10*4. What is the highest common divisor of 12 and w?
4
Suppose 180 = a + 5*f, -241*a + 3*f = -237*a - 812. What is the highest common divisor of a and 35?
5
Let v(t) = 6*t**2 + 19*t - 17. Let q be v(1). What is the greatest common factor of q and 156?
4
Suppose -5*q = -f - 11, 8*q + 18 = 2*f + 6*q. Calculate the highest common divisor of f and 329.
7
Let y(f) = 541*f - 1591. Let v be y(3). Calculate the highest common factor of 18608 and v.
16
Suppose -3*c - 4*p = -173, -5*p = -c + 87 - 4. Suppose 0 = 281*j - 276*j - 105. What is the highest common factor of j and c?
21
Let r = 2317 - 2277. Let q be 44/(-1 + 18/15). Calculate the greatest common divisor of q and r.
20
Let o be 26 - 1/(-2)*0/(-117). Suppose -2*t - t = -15. Suppose -48 = -t*z + 1122. Calculate the greatest common factor of z and o.
26
Let i be (-1)/(1 + -3)*22. Let g(t) = -t**3 + 10*t**2 + 14*t - 9. Let v be g(i). Let k be -6 - 76*(-2)/4. What is the highest common factor of v and k?
8
Suppose 33*i - 464 = 196. Let f(n) = -n**2 - 14*n + 20. Let s be f(-14). Calculate the greatest common factor of s and i.
20
Let o = 4277 - 4242. Calculate the greatest common divisor of 392 and o.
7
Let i = -68 + 86. Suppose i*s - 1827 - 873 = 0. What is the greatest common factor of 30 and s?
30
Suppose d + 8 - 6 = 0. Let s = 28 - 58. Let b = d - s. What is the greatest common factor of 2 and b?
2
Let l be (-8 - -9)*(1*171 - 2). Suppose 111 = 14*r - l. What is the highest common divisor of 120 and r?
20
Suppose -8454 = -84*y + 5406. What is the greatest common divisor of y and 33?
33
Let y be (1341/5)/((-119)/(-595)). Calculate the highest common divisor of 4172 and y.
149
Let r = -230 + 398. Suppose 2*u = 5*o + 208 - 31, -2*u + r = -2*o. What is the greatest common divisor of 18 and u?
9
Let f be (-276080)/(-374) - 2/11 - 5. Let z = 742 - f. What is the highest common divisor of z and 333?
9
Let f be (-6)/(-48) - (-2 + 3761/8). Let j = f - -474. Suppose -5*c + 9 + 11 = 0. Calculate the highest common factor of c and j.
2
Let l be 6/(-18) - 40/(-12). Suppose 12 = -l*n, -3*a + n = 5*n - 653. Let w = a - 111. Calculate the greatest common divisor of 28 and w.
28
Suppose -3 = 3*l, -j = 2*l - 39 + 5. Let r = -34 + j. Let z be 48/10 - 2/10*-1. Calculate the highest common divisor of z and r.
1
Let p = 3561 - 3525. Calculate the highest common factor of 1332 and p.
36
Let o = 11 - 6. Suppose -3*t = -o*j - 16, j = 2*t + 2*j - 2. Suppose -5*u + 29 = 2*m, -m = -t*u + 12 - 4. What is the highest common divisor of u and 5?
5
Let q be ((-890)/90 + 10)*261. Calculate the greatest common divisor of q and 1798.
29
Let i(z) = z**2 - 61*z - 8. Let j be i(65). What is the highest common divisor of 448 and j?
28
Let t be 28/(-6)*18/(-21) - 2. Suppose 0*h = t*h - 5*i - 180, -h = 2*i - 90. What is the highest common divisor of h and 225?
45
Let t(m) be the second derivative of m**4/12 - 7*m**3/6 - 19*m**2 + 4*m + 1. Let q be t(-14). What is the highest common divisor of q and 32?
32
Let x be (1/((-2)/16))/((-23)/46). Let v(q) = x*q**3 - q**2 + 14 - 4 - q - 9. Let y be v(1). What is the highest common factor of 60 and y?
15
Let a be (2950/68 + 62/527)*(-1400)/(-6). What is the highest common factor of 70 and a?
70
Let b(m) = -24*m + 6. Let z(s) = -s. Let y(x) = b(x) - 2*z(x). Let l be y(-3). What is the greatest common factor of l and 24?
24
Suppose 2*j - 312 = -5*y + 87, -3*y = -9. Suppose 22*d + 17697 = 18225. Calculate the greatest common factor of j and d.
24
Suppose 137*t - 138*t = -4. Let m be (-5048)/(-72) + t/(-36). What is the highest common factor of m and 10?
10
Let j(r) = r**2 + 11*r - 805. Let v be j(-35). Calculate the highest common factor of 3780 and v.
35
Let z(j) = 63*j**2 - 102*j - 590. Let p be z(-10). Calculate the greatest common divisor of p and 10.
10
Let m be 5/((-5)/(-42))*(24 + (-585)/26). Calculate the greatest common factor of m and 1116.
9
Suppose 3154 = 6*m + 3010. Calculate the greatest common factor of 752 and m.
8
Let l(i) = 4*i - 2. Let c be l(5). Suppose -1 = -9*j + 44. Suppose t + 11 + 32 = j*r, -8 = -4*t. Calculate the greatest common divisor of c and r.
9
Let q be ((-10)/(-6))/(3/9). Suppose 96*j - 30 = 81*j. Suppose -q*k - 16 = -j*n - 2*k, -4*n + 16 = 2*k. Calculate the greatest common factor of 10 and n.
5
Let s = -6958 + 7751. What is the highest common divisor of 39 and s?
13
Suppose 0 = 4*y - j - 28222, 0 = -4*y - 8*j + 10*j + 28220. What is the greatest common divisor of y and 144?
144
Suppose 347*b + 1449 = 416*b. Suppose -4*r - z + 223 = 0, -7*r - 3*z = -2*r - 270. What is the greatest common divisor of r and b?
3
Let i = 4468 + -1069. What is the greatest common factor of 44 and i?
11
Let a(o) = -o**2 - 31*o + 14. Let v be a(-33). Let f = v + 98. Suppose -f = 7*r - 508. What is the greatest common divisor of r and 99?
33
Let g = -41968 - -42004. Let c = -117 - -207. What is the highest common divisor of c and g?
18
Suppose -4*k = 4*a - 1470 - 406, -1431 = -3*a + 5*k. Let o = 91 + -83. What is the greatest common divisor of a and o?
8
Suppose 3*f - f + 5*z + 368 = 0, -899 = 5*f + 2*z. Let t = 210 + f. Calculate the highest common factor of t and 279.
31
Let g be (-8455)/(-25) - (-1)/(-5). Let u(i) = i**3 + 15*i**2 + 92*i + 1406. Let f be u(-15). What is the highest common divisor of f and g?
26
Let i be 4/18 + (-468)/(-81). Let h be i*(4*3/8 + 0). Let x(z) = z + 53. Let g be x(10). What is the greatest common factor of g and h?
9
Let u be (-4)/(-6) + (-284)/(-6). Suppose -f = -4*w - 60, -21*f + 24*f - 4*w - 140 = 0. Calculate the greatest common divisor of f and u.
8
Let o = -6712 - -17183. What is the highest common factor of 37 and o?
37
Let x = 11527 + 3027. What is the greatest common divisor of x and 38?
38
Let f = 56 + -19. Suppose f = 3*t - 4*u, 3*t - 2*t = 2*u + 13. Suppose -20 = -15*x + t*x. Calculate the highest common factor of x and 5.
5
Let y = 3056 + -1929. Calculate the highest common divisor of y and 98.
49
Let j be 8/(-6)*(-12)/16. Let b(y) = 198*y**2 + 3*y - 3. Let q be b(j). Let a(m) = 4*m - 54. Let k be a(18). Calculate the highest common factor of q and k.
18
Suppose 137 = 10*f + 7. Suppose -2*l = 5*w + 16, 4*l - 3*w - 20 = -0*l. Suppose 0*y - 208 = -l*y. Calculate the greatest common divisor of y and f.
13
Suppose -51*n = -162*n + 405705. What is the greatest common divisor of n and 215?
215
Let z be (11*1 + 1715/35)/((-4)/(-124)). Calculate the highest common divisor of 480 and z.
60
Suppose 5*i = -0*q + 2*q + 17, -4*i = -q - 13. Suppose -19 = -i*p + 23. Let u = p - 4. What is the highest common divisor of u and 10?
10
Suppose -1 = i, -5*o + 466 + 238 =